{"id":324,"date":"2024-01-29T11:10:17","date_gmt":"2024-01-29T10:10:17","guid":{"rendered":"https:\/\/racines-cpg.com\/?page_id=324"},"modified":"2025-10-06T11:01:36","modified_gmt":"2025-10-06T09:01:36","slug":"accueil","status":"publish","type":"page","link":"https:\/\/racines-cpg.com\/","title":{"rendered":"Accueil"},"content":{"rendered":"\t\t<div data-elementor-type=\"wp-page\" data-elementor-id=\"324\" class=\"elementor elementor-324\">\n\t\t\t\t<div class=\"elementor-element elementor-element-0700644 e-flex e-con-boxed e-con e-parent\" data-id=\"0700644\" data-element_type=\"container\" data-e-type=\"container\">\n\t\t\t\t\t<div class=\"e-con-inner\">\n\t\t\t\t<div class=\"elementor-element elementor-element-648fe72 elementor-widget elementor-widget-heading\" data-id=\"648fe72\" data-element_type=\"widget\" data-e-type=\"widget\" data-widget_type=\"heading.default\">\n\t\t\t\t<div class=\"elementor-widget-container\">\n\t\t\t\t\t<h1 class=\"elementor-heading-title elementor-size-default\">La g\u00e9n\u00e9alogie, une fen\u00eatre sur le pass\u00e9.<\/h1>\t\t\t\t<\/div>\n\t\t\t\t<\/div>\n\t\t\t\t\t<\/div>\n\t\t\t\t<\/div>\n\t\t<div class=\"elementor-element elementor-element-d9dd5a1 e-con-full e-flex e-con e-parent\" data-id=\"d9dd5a1\" data-element_type=\"container\" data-e-type=\"container\">\n\t\t\t\t<div class=\"elementor-element elementor-element-6805fab elementor-widget__width-initial elementor-widget-mobile__width-initial elementor-widget elementor-widget-text-editor\" data-id=\"6805fab\" data-element_type=\"widget\" data-e-type=\"widget\" data-widget_type=\"text-editor.default\">\n\t\t\t\t<div class=\"elementor-widget-container\">\n\t\t\t\t\t\t\t\t\t<p style=\"text-align: left;\">La g\u00e9n\u00e9alogie est bien plus qu&rsquo;une simple liste de noms et de dates, c&rsquo;est une v\u00e9ritable plong\u00e9e dans l&rsquo;histoire familiale.<\/p><p style=\"text-align: left;\">En retrouvant ses anc\u00eatres, on d\u00e9couvre des histoires fascinantes, des destins extraordinaires et parfois des secrets bien gard\u00e9s.<br \/>Plus simplement, faire des recherches familiales nous permet de comprendre d&rsquo;o\u00f9 l&rsquo;on vient.<\/p><p style=\"text-align: left;\">Gr\u00e2ce \u00e0 nos comp\u00e9tences en recherche et en analyse des archives, le cabinet <em><strong>Racines<\/strong><\/em> retrace votre arbre g\u00e9n\u00e9alogique sur plusieurs g\u00e9n\u00e9rations et vous fait d\u00e9couvrir vos anc\u00eatres, leurs m\u00e9tiers, leur lieux de vie et bien plus encore.<\/p><p>Nous utilisons des sources fiables et v\u00e9rifi\u00e9es, telles que registres paroissiaux, actes d&rsquo;\u00e9tat civil, recensement, archives militaires,&#8230;<br \/><span style=\"font-size: 16px; text-align: var(--text-align);\">Nous vous fournissons les copies de toutes les sources trouv\u00e9es.<\/span><\/p>\t\t\t\t\t\t\t\t<\/div>\n\t\t\t\t<\/div>\n\t\t\t\t<div class=\"elementor-element elementor-element-4321f53 elementor-widget elementor-widget-image\" data-id=\"4321f53\" data-element_type=\"widget\" data-e-type=\"widget\" data-widget_type=\"image.default\">\n\t\t\t\t<div class=\"elementor-widget-container\">\n\t\t\t\t\t\t\t\t\t\t\t\t\t\t\t<img fetchpriority=\"high\" decoding=\"async\" width=\"300\" height=\"208\" src=\"https:\/\/racines-cpg.com\/wp-content\/uploads\/2024\/01\/4-generationsGD-300x208.jpg\" class=\"attachment-medium size-medium wp-image-50\" alt=\"quatre g\u00e9n\u00e9rations de femmes\" srcset=\"https:\/\/racines-cpg.com\/wp-content\/uploads\/2024\/01\/4-generationsGD-300x208.jpg 300w, https:\/\/racines-cpg.com\/wp-content\/uploads\/2024\/01\/4-generationsGD-454x314.jpg 454w, https:\/\/racines-cpg.com\/wp-content\/uploads\/2024\/01\/4-generationsGD-1024x709.jpg 1024w, https:\/\/racines-cpg.com\/wp-content\/uploads\/2024\/01\/4-generationsGD-768x532.jpg 768w, https:\/\/racines-cpg.com\/wp-content\/uploads\/2024\/01\/4-generationsGD-1536x1063.jpg 1536w, https:\/\/racines-cpg.com\/wp-content\/uploads\/2024\/01\/4-generationsGD-1320x914.jpg 1320w, https:\/\/racines-cpg.com\/wp-content\/uploads\/2024\/01\/4-generationsGD.jpg 1663w\" sizes=\"(max-width: 300px) 100vw, 300px\" \/>\t\t\t\t\t\t\t\t\t\t\t\t\t\t\t<\/div>\n\t\t\t\t<\/div>\n\t\t\t\t<\/div>\n\t\t<div class=\"elementor-element elementor-element-e11a912 e-flex e-con-boxed e-con e-parent\" data-id=\"e11a912\" data-element_type=\"container\" data-e-type=\"container\">\n\t\t\t\t\t<div class=\"e-con-inner\">\n\t\t\t\t<div class=\"elementor-element elementor-element-59babbc elementor-widget elementor-widget-heading\" data-id=\"59babbc\" data-element_type=\"widget\" data-e-type=\"widget\" data-widget_type=\"heading.default\">\n\t\t\t\t<div class=\"elementor-widget-container\">\n\t\t\t\t\t<h2 class=\"elementor-heading-title elementor-size-default\">Des supports professionnels pour mettre en valeur  votre famille.<\/h2>\t\t\t\t<\/div>\n\t\t\t\t<\/div>\n\t\t\t\t\t<\/div>\n\t\t\t\t<\/div>\n\t\t<div class=\"elementor-element elementor-element-5448d26 e-flex e-con-boxed e-con e-parent\" data-id=\"5448d26\" data-element_type=\"container\" data-e-type=\"container\">\n\t\t\t\t\t<div class=\"e-con-inner\">\n\t\t<div class=\"elementor-element elementor-element-cc20b43 e-con-full e-flex e-con e-child\" data-id=\"cc20b43\" data-element_type=\"container\" data-e-type=\"container\">\n\t\t\t\t<div class=\"elementor-element elementor-element-5f56787 elementor-widget__width-initial elementor-widget elementor-widget-text-editor\" data-id=\"5f56787\" data-element_type=\"widget\" data-e-type=\"widget\" data-widget_type=\"text-editor.default\">\n\t\t\t\t<div class=\"elementor-widget-container\">\n\t\t\t\t\t\t\t\t\t<p style=\"text-align: left;\">Nous attachons une grande importance \u00e0 la qualit\u00e9 de nos travaux et \u00e0 la satisfaction de nos clients. Nous mettons \u00e0 votre disposition des supports de qualit\u00e9 pour partager vos d\u00e9couvertes et transmettre ce pr\u00e9cieux h\u00e9ritage \u00e0 vos proches.<\/p><p>Vous pouvez d\u00e9couvrir\u00a0<a href=\"https:\/\/racines-cpg.com\/index.php\/nos-prestations\/?customize_changeset_uuid=44bb48a7-086b-47a3-a8c6-d685a66a9de1&amp;customize\" target=\"_blank\" rel=\"noopener\"><u>nos prestations<\/u><\/a>\u00a0et\u00a0<a href=\"https:\/\/racines-cpg.com\/index.php\/processus-et-contact\/?customize_changeset_uuid=44bb48a7-086b-47a3-a8c6-d685a66a9de1&amp;custo\" target=\"_blank\" rel=\"noopener\"><u>le parcours<\/u><\/a>\u00a0qui vous attend.<\/p><p>Nous serons ravis de r\u00e9pondre \u00e0 toutes\u00a0<a href=\"https:\/\/racines-cpg.com\/index.php\/contactez-racines\/?customize_changeset_uuid=44bb48a7-086b-47a3-a8c6-d685a66a9de1&amp;customize_autosaved=on\" target=\"_blank\" rel=\"noopener\"><u>vos questions<\/u><\/a>\u00a0et de vous accompagner dans votre qu\u00eate de connaissances sur votre histoire familiale.<\/p>\t\t\t\t\t\t\t\t<\/div>\n\t\t\t\t<\/div>\n\t\t\t\t<\/div>\n\t\t<div class=\"elementor-element elementor-element-f8059ec e-con-full e-flex e-con e-child\" data-id=\"f8059ec\" data-element_type=\"container\" data-e-type=\"container\">\n\t\t\t\t<div class=\"elementor-element elementor-element-6979b0a elementor-widget elementor-widget-image\" data-id=\"6979b0a\" data-element_type=\"widget\" data-e-type=\"widget\" data-widget_type=\"image.default\">\n\t\t\t\t<div class=\"elementor-widget-container\">\n\t\t\t\t\t\t\t\t\t\t\t\t<figure class=\"wp-caption\">\n\t\t\t\t\t\t\t\t\t\t<img decoding=\"async\" width=\"768\" height=\"1024\" src=\"https:\/\/racines-cpg.com\/wp-content\/uploads\/2024\/04\/Pochette-de-rendu-dossier-client1-768x1024.jpg\" class=\"attachment-medium_large size-medium_large wp-image-550\" alt=\"Pochette contenant plusieurs documents : arbre g\u00e9n\u00e9alogique, tableau g\u00e9n\u00e9alogique, sources g\u00e9n\u00e9alogique (acte civil) poster\" srcset=\"https:\/\/racines-cpg.com\/wp-content\/uploads\/2024\/04\/Pochette-de-rendu-dossier-client1-768x1024.jpg 768w, https:\/\/racines-cpg.com\/wp-content\/uploads\/2024\/04\/Pochette-de-rendu-dossier-client1-225x300.jpg 225w, https:\/\/racines-cpg.com\/wp-content\/uploads\/2024\/04\/Pochette-de-rendu-dossier-client1-1152x1536.jpg 1152w, https:\/\/racines-cpg.com\/wp-content\/uploads\/2024\/04\/Pochette-de-rendu-dossier-client1-1536x2048.jpg 1536w, https:\/\/racines-cpg.com\/wp-content\/uploads\/2024\/04\/Pochette-de-rendu-dossier-client1-1320x1760.jpg 1320w, https:\/\/racines-cpg.com\/wp-content\/uploads\/2024\/04\/Pochette-de-rendu-dossier-client1-348x464.jpg 348w, https:\/\/racines-cpg.com\/wp-content\/uploads\/2024\/04\/Pochette-de-rendu-dossier-client1-454x605.jpg 454w, https:\/\/racines-cpg.com\/wp-content\/uploads\/2024\/04\/Pochette-de-rendu-dossier-client1-scaled.jpg 1920w\" sizes=\"(max-width: 768px) 100vw, 768px\" \/>\t\t\t\t\t\t\t\t\t\t\t<figcaption class=\"widget-image-caption wp-caption-text\">dossier g\u00e9n\u00e9alogique complet.<\/figcaption>\n\t\t\t\t\t\t\t\t\t\t<\/figure>\n\t\t\t\t\t\t\t\t\t<\/div>\n\t\t\t\t<\/div>\n\t\t\t\t<\/div>\n\t\t\t\t\t<\/div>\n\t\t\t\t<\/div>\n\t\t\t\t<\/div>\n\t\t","protected":false},"excerpt":{"rendered":"<p>La g\u00e9n\u00e9alogie, une fen\u00eatre sur le pass\u00e9. La g\u00e9n\u00e9alogie est bien plus qu&rsquo;une simple liste de noms et de dates, c&rsquo;est une v\u00e9ritable plong\u00e9e dans l&rsquo;histoire familiale. En retrouvant ses anc\u00eatres, on d\u00e9couvre des histoires fascinantes, des destins extraordinaires et parfois des secrets bien gard\u00e9s.Plus simplement, faire des recherches familiales nous permet de comprendre d&rsquo;o\u00f9 [&hellip;]<\/p>\n","protected":false},"author":1,"featured_media":0,"parent":0,"menu_order":0,"comment_status":"closed","ping_status":"closed","template":"","meta":{"om_disable_all_campaigns":false,"_monsterinsights_skip_tracking":false,"_monsterinsights_sitenote_active":false,"_monsterinsights_sitenote_note":"","_monsterinsights_sitenote_category":0,"_uf_show_specific_survey":0,"_uf_disable_surveys":false,"ocean_post_layout":"","ocean_both_sidebars_style":"","ocean_both_sidebars_content_width":0,"ocean_both_sidebars_sidebars_width":0,"ocean_sidebar":"","ocean_second_sidebar":"","ocean_disable_margins":"enable","ocean_add_body_class":"","ocean_shortcode_before_top_bar":"","ocean_shortcode_after_top_bar":"","ocean_shortcode_before_header":"","ocean_shortcode_after_header":"","ocean_has_shortcode":"","ocean_shortcode_after_title":"","ocean_shortcode_before_footer_widgets":"","ocean_shortcode_after_footer_widgets":"","ocean_shortcode_before_footer_bottom":"","ocean_shortcode_after_footer_bottom":"","ocean_display_top_bar":"default","ocean_display_header":"default","ocean_header_style":"","ocean_center_header_left_menu":"","ocean_custom_header_template":"","ocean_custom_logo":0,"ocean_custom_retina_logo":0,"ocean_custom_logo_max_width":0,"ocean_custom_logo_tablet_max_width":0,"ocean_custom_logo_mobile_max_width":0,"ocean_custom_logo_max_height":0,"ocean_custom_logo_tablet_max_height":0,"ocean_custom_logo_mobile_max_height":0,"ocean_header_custom_menu":"","ocean_menu_typo_font_family":"","ocean_menu_typo_font_subset":"","ocean_menu_typo_font_size":0,"ocean_menu_typo_font_size_tablet":0,"ocean_menu_typo_font_size_mobile":0,"ocean_menu_typo_font_size_unit":"px","ocean_menu_typo_font_weight":"","ocean_menu_typo_font_weight_tablet":"","ocean_menu_typo_font_weight_mobile":"","ocean_menu_typo_transform":"","ocean_menu_typo_transform_tablet":"","ocean_menu_typo_transform_mobile":"","ocean_menu_typo_line_height":0,"ocean_menu_typo_line_height_tablet":0,"ocean_menu_typo_line_height_mobile":0,"ocean_menu_typo_line_height_unit":"","ocean_menu_typo_spacing":0,"ocean_menu_typo_spacing_tablet":0,"ocean_menu_typo_spacing_mobile":0,"ocean_menu_typo_spacing_unit":"","ocean_menu_link_color":"","ocean_menu_link_color_hover":"","ocean_menu_link_color_active":"","ocean_menu_link_background":"","ocean_menu_link_hover_background":"","ocean_menu_link_active_background":"","ocean_menu_social_links_bg":"","ocean_menu_social_hover_links_bg":"","ocean_menu_social_links_color":"","ocean_menu_social_hover_links_color":"","ocean_disable_title":"default","ocean_disable_heading":"default","ocean_post_title":"","ocean_post_subheading":"","ocean_post_title_style":"","ocean_post_title_background_color":"","ocean_post_title_background":0,"ocean_post_title_bg_image_position":"","ocean_post_title_bg_image_attachment":"","ocean_post_title_bg_image_repeat":"","ocean_post_title_bg_image_size":"","ocean_post_title_height":0,"ocean_post_title_bg_overlay":0.5,"ocean_post_title_bg_overlay_color":"","ocean_disable_breadcrumbs":"default","ocean_breadcrumbs_color":"","ocean_breadcrumbs_separator_color":"","ocean_breadcrumbs_links_color":"","ocean_breadcrumbs_links_hover_color":"","ocean_display_footer_widgets":"default","ocean_display_footer_bottom":"default","ocean_custom_footer_template":"","omw_enable_modal_window":"enable","footnotes":""},"class_list":["post-324","page","type-page","status-publish","hentry","entry","owp-thumbs-layout-horizontal","owp-btn-normal","owp-tabs-layout-horizontal","has-no-thumbnails","has-product-nav"],"aioseo_notices":[],"jetpack_sharing_enabled":true,"_links":{"self":[{"href":"https:\/\/racines-cpg.com\/index.php\/wp-json\/wp\/v2\/pages\/324","targetHints":{"allow":["GET"]}}],"collection":[{"href":"https:\/\/racines-cpg.com\/index.php\/wp-json\/wp\/v2\/pages"}],"about":[{"href":"https:\/\/racines-cpg.com\/index.php\/wp-json\/wp\/v2\/types\/page"}],"author":[{"embeddable":true,"href":"https:\/\/racines-cpg.com\/index.php\/wp-json\/wp\/v2\/users\/1"}],"replies":[{"embeddable":true,"href":"https:\/\/racines-cpg.com\/index.php\/wp-json\/wp\/v2\/comments?post=324"}],"version-history":[{"count":34,"href":"https:\/\/racines-cpg.com\/index.php\/wp-json\/wp\/v2\/pages\/324\/revisions"}],"predecessor-version":[{"id":671,"href":"https:\/\/racines-cpg.com\/index.php\/wp-json\/wp\/v2\/pages\/324\/revisions\/671"}],"wp:attachment":[{"href":"https:\/\/racines-cpg.com\/index.php\/wp-json\/wp\/v2\/media?parent=324"}],"curies":[{"name":"wp","href":"https:\/\/api.w.org\/{rel}","templated":true}]}}